 is divided by 1867?
1864
What is the remainder when 85825 is divided by 28596?
37
What is the remainder when 130627 is divided by 11784?
1003
What is the remainder when 8347276 is divided by 463737?
10
What is the remainder when 228858 is divided by 20335?
5173
Calculate the remainder when 4053150 is divided by 4961.
13
What is the remainder when 134420 is divided by 8946?
230
What is the remainder when 79496 is divided by 1097?
512
What is the remainder when 1562095892 is divided by 10594?
10592
Calculate the remainder when 1601362 is divided by 94.
72
Calculate the remainder when 244900214 is divided by 10009.
2
Calculate the remainder when 300331989 is divided by 70.
69
Calculate the remainder when 75115 is divided by 24816.
667
Calculate the remainder when 70354 is divided by 674.
258
What is the remainder when 969466 is divided by 1354?
2
What is the remainder when 285021 is divided by 426?
27
Calculate the remainder when 791480 is divided by 393.
371
What is the remainder when 770524 is divided by 33475?
599
Calculate the remainder when 3827490 is divided by 24072.
42
Calculate the remainder when 87664 is divided by 2737.
80
What is the remainder when 287343 is divided by 2588?
75
Calculate the remainder when 8498362 is divided by 679.
677
Calculate the remainder when 10317594 is divided by 1433.
1427
What is the remainder when 19475899 is divided by 31?
25
Calculate the remainder when 436077 is divided by 218026.
25
What is the remainder when 84502051 is divided by 101?
98
Calculate the remainder when 43027 is divided by 699.
388
Calculate the remainder when 4793112 is divided by 923.
896
What is the remainder when 456971 is divided by 6552?
4883
What is the remainder when 3858797 is divided by 2190?
17
Calculate the remainder when 47979213 is divided by 4797921.
3
What is the remainder when 30821484 is divided by 245?
239
What is the remainder when 55253 is divided by 577?
438
What is the remainder when 1236916 is divided by 446?
158
What is the remainder when 2446893 is divided by 32?
13
Calculate the remainder when 2692265 is divided by 1345998.
269
What is the remainder when 2441 is divided by 1019?
403
What is the remainder when 4640619 is divided by 1034?
27
Calculate the remainder when 1133312 is divided by 36.
32
What is the remainder when 350998225 is divided by 66?
61
Calculate the remainder when 438122 is divided by 62405.
1287
Calculate the remainder when 40239244 is divided by 23768.
20
Calculate the remainder when 2810724 is divided by 518.
56
Calculate the remainder when 875111 is divided by 5758.
5653
Calculate the remainder when 15660082 is divided by 2046.
2044
Calculate the remainder when 422660626 is divided by 18.
16
Calculate the remainder when 7586952 is divided by 5542.
5496
Calculate the remainder when 459739 is divided by 5506.
2741
What is the remainder when 1450028 is divided by 5687?
5530
What is the remainder when 2958351 is divided by 477?
474
Calculate the remainder when 261531 is divided by 20095.
296
What is the remainder when 783625 is divided by 114?
103
What is the remainder when 80347 is divided by 1100?
47
What is the remainder when 60733620 is divided by 29?
22
What is the remainder when 4389789 is divided by 19597?
61
What is the remainder when 1522174 is divided by 972?
22
Calculate the remainder when 278665 is divided by 69665.
5
Calculate the remainder when 14699390 is divided by 736.
734
What is the remainder when 984503 is divided by 167?
38
What is the remainder when 51008 is divided by 16692?
932
What is the remainder when 110593729 is divided by 862?
853
What is the remainder when 71181 is divided by 3995?
3266
What is the remainder when 140385787 is divided by 23?
20
What is the remainder when 456656 is divided by 383?
120
Calculate the remainder when 51844 is divided by 25373.
1098
What is the remainder when 1115644 is divided by 557769?
106
What is the remainder when 18737969 is divided by 4513?
4506
What is the remainder when 110769 is divided by 527?
99
What is the remainder when 12678931 is divided by 12641?
8
What is the remainder when 150247026 is divided by 6001?
5990
Calculate the remainder when 2858803 is divided by 45.
43
What is the remainder when 71728 is divided by 35437?
854
What is the remainder when 606043 is divided by 3107?
178
Calculate the remainder when 20574 is divided by 6754.
312
What is the remainder when 21895911 is divided by 7298629?
24
What is the remainder when 68235091 is divided by 9485?
1
What is the remainder when 35638665 is divided by 43?
7
Calculate the remainder when 95499 is divided by 1278.
927
Calculate the remainder when 188617 is divided by 62855.
52
What is the remainder when 10209 is divided by 2085?
1869
Calculate the remainder when 359538 is divided by 27.
6
Calculate the remainder when 102238 is divided by 1463.
1291
What is the remainder when 1333920 is divided by 5905?
5295
What is the remainder when 456253 is divided by 4109?
154
What is the remainder when 15137 is divided by 2297?
1355
What is the remainder when 38205244 is divided by 2728946?
0
Calculate the remainder when 197686 is divided by 11576.
894
Calculate the remainder when 20572 is divided by 148.
0
What is the remainder when 65543 is divided by 381?
11
What is the remainder when 12013333 is divided by 121?
90
What is the remainder when 58838901 is divided by 27?
15
Calculate the remainder when 3238630 is divided by 3315.
3190
What is the remainder when 8216151 is divided by 93?
66
Calculate the remainder when 9752178 is divided by 38394.
102
Calculate the remainder when 1448655 is divided by 169.
156
Calculate the remainder when 726687 is divided by 847.
808
What is the remainder when 19175099 is divided by 104?
99
What is the remainder when 7269184 is divided by 385?
384
Calculate the remainder when 340953 is divided by 180.
33
Calculate the remainder when 699582 is divided by 34975.
82
Calculate the remainder when 28618874 is divided by 11084.
11070
What is the remainder when 667970685 is divided by 3248?
3245
What is the remainder when 313877206 is divided by 2241980?
6
Calculate the remainder when 9528 is divided by 303.
135
What is the remainder when 62838860 is divided by 521?
8
Calculate the remainder when 16548999 is divided by 325.
324
Calculate the remainder when 767774 is divided by 5998.
30
What is the remainder when 10248225 is divided by 10587?
9
Calculate the remainder when 5296 is divided by 1082.
968
What is the remainder when 11640134 is divided by 5820066?
2
What is the remainder when 143567 is divided by 729?
683
Calculate the remainder when 2840565 is divided by 46.
19
Calculate the remainder when 1029704 is divided by 127.
115
Calculate the remainder when 295608 is divided by 36928.
184
What is the remainder when 2186216 is divided by 728684?
164
Calculate the remainder when 311652 is divided by 2164.
36
Calculate the remainder when 15679622 is divided by 5.
2
Calculate the remainder when 117704578 is divided by 34558.
30
What is the remainder when 14170 is divided by 3960?
2290
Calculate the remainder when 8257809 is divided by 116307.
12
Calculate the remainder when 22829225 is divided by 57.
41
What is the remainder when 1279673 is divided by 461?
398
Calculate the remainder when 167896093 is divided by 16.
13
What is the remainder when 594581 is divided by 3563?
3123
Calculate the remainder when 30221 is divided by 30190.
31
Calculate the remainder when 17628162 is divided by 17628148.
14
Calculate the remainder when 107088 is divided by 1208.
784
Calculate the remainder when 346238 is divided by 31476.
2
Calculate the remainder when 686035 is divided by 3769.
77
What is the remainder when 5704681 is divided by 2373?
2362
What is the remainder when 275501 is divided by 18267?
1496
What is the remainder when 98143 is divided by 6853?
2201
Calculate the remainder when 100478344 is divided by 114.
112
What is the remainder when 8029393 is divided by 2007251?
389
Calculate the remainder when 6806017 is divided by 125.
17
What is the remainder when 1002116 is divided by 1193?
1189
What is the remainder when 203035 is divided by 22304?
2299
What is the remainder when 26500 is divided by 1528?
524
What is the remainder when 30194981 is divided by 30